{"id":16,"date":"2016-08-09T20:55:47","date_gmt":"2016-08-09T19:55:47","guid":{"rendered":"http:\/\/www.cemma-asso.fr\/?page_id=16"},"modified":"2023-08-14T14:49:01","modified_gmt":"2023-08-14T13:49:01","slug":"les-profs","status":"publish","type":"page","link":"https:\/\/www.cemma-asso.fr\/?page_id=16","title":{"rendered":"Les Profs"},"content":{"rendered":"\n<h3>Gr\u00e9gory LUCAS &amp; S\u00e9bastien HANROT<\/h3>\n\n\n\n<h5>Professeurs de guitare, basse et ukulele<\/h5>\n\n\n\n<figure class=\"wp-block-image\"><img alt=\"\"\/><\/figure>\n\n\n\n<figure class=\"wp-block-image size-large\"><img loading=\"lazy\" width=\"1024\" height=\"683\" src=\"https:\/\/www.cemma-asso.fr\/wp-content\/uploads\/2023\/08\/LatitudeScene-44-1024x683.jpg\" alt=\"\" class=\"wp-image-386\" srcset=\"https:\/\/www.cemma-asso.fr\/wp-content\/uploads\/2023\/08\/LatitudeScene-44-1024x683.jpg 1024w, https:\/\/www.cemma-asso.fr\/wp-content\/uploads\/2023\/08\/LatitudeScene-44-300x200.jpg 300w, https:\/\/www.cemma-asso.fr\/wp-content\/uploads\/2023\/08\/LatitudeScene-44-768x512.jpg 768w, https:\/\/www.cemma-asso.fr\/wp-content\/uploads\/2023\/08\/LatitudeScene-44.jpg 1500w\" sizes=\"(max-width: 1024px) 100vw, 1024px\" \/><\/figure>\n\n\n\n<p class=\"p1\">Sans se connaitre encore, S\u00e9bastien Hanrot et Gr\u00e9gory Lucas partageaient d\u00e9j\u00e0 d\u00e8s la fin de leur adolescence orl\u00e9anaise la m\u00eame envie, celle de devenir musicien professionnel. Plus qu\u2019une envie, m\u00eame, une conviction&nbsp;: celle que les musiques actuelles seraient la cl\u00e9 de voute de leur existence. Apr\u00e8s avoir travaill\u00e9 d\u2019arrache-pied chacun de leur c\u00f4t\u00e9 pour atteindre leur objectif, multipli\u00e9 les groupes et les concerts en France et en Europe, les deux hommes ne pouvaient que se rencontrer, \u00e0 la fin des ann\u00e9es 90, et s\u2019appr\u00e9cier.<\/p>\n\n\n\n<p class=\"p1\">Une collaboration fructueuse, depuis plus de 20 ans, s\u2019en est suivie, sur sc\u00e8ne bien s\u00fbr, puisque c\u2019est l\u2019essence m\u00eame de tout musicien, mais aussi au sein de diverses \u00e9coles de musique (Association CEMMA notamment) car la p\u00e9dagogie, celle de leur instrument (respectivement Basse et Guitare), est un autre domaine qui les passionne et les rassemble.<\/p>\n\n\n\n<p class=\"p1\">Forts de leur exp\u00e9rience de musicien et d\u2019enseignant, c\u2019est avec beaucoup d\u2019enthousiasme qu\u2019ils ont \u00e9labor\u00e9 une premi\u00e8re m\u00e9thode d\u2019apprentissage (CEMMA m\u00e9thode guitare) d\u00e8s 2013, avec l\u2019aide de St\u00e9phane Lefort, et travaillent actuellement non pas sur une mais sur deux autres m\u00e9thodes (Guitare pour d\u00e9butants\u00a0; Improvisation basse) ainsi que sur de nombreux autres formats d\u2019apprentissage (podcasts\u00a0; vid\u00e9os\u00a0; fiches\u2026).<\/p>\n\n\n\n<h3>&nbsp;<\/h3>\n\n\n\n<div class=\"wp-block-columns\">\n<div class=\"wp-block-column\" style=\"flex-basis:50%\">\n<h5>lucas.greg@yahoo.fr<br>Tel : 06 12 46 26 86<\/h5>\n<\/div>\n\n\n\n<div class=\"wp-block-column\" style=\"flex-basis:50%\">\n<h5 id=\"block-d38cda57-f460-45e8-b33c-6add37589f29\">sebh.basse@gmail.com<br>Tel : 06 62 74 76 46<\/h5>\n<\/div>\n<\/div>\n\n\n\n<p><\/p>\n","protected":false},"excerpt":{"rendered":"<p>Gr\u00e9gory LUCAS &amp; S\u00e9bastien HANROT Professeurs de guitare, basse et ukulele Sans se connaitre encore, S\u00e9bastien Hanrot et Gr\u00e9gory Lucas partageaient d\u00e9j\u00e0 d\u00e8s la fin de leur adolescence orl\u00e9anaise la m\u00eame envie, celle de devenir musicien professionnel. Plus qu\u2019une envie, <span class=\"excerpt-dots\">&hellip;<\/span> <a class=\"more-link\" href=\"https:\/\/www.cemma-asso.fr\/?page_id=16\"><span class=\"more-msg\">Lire la suite &rarr;<\/span><\/a><\/p>\n","protected":false},"author":1,"featured_media":0,"parent":0,"menu_order":4,"comment_status":"closed","ping_status":"closed","template":"","meta":[],"_links":{"self":[{"href":"https:\/\/www.cemma-asso.fr\/index.php?rest_route=\/wp\/v2\/pages\/16"}],"collection":[{"href":"https:\/\/www.cemma-asso.fr\/index.php?rest_route=\/wp\/v2\/pages"}],"about":[{"href":"https:\/\/www.cemma-asso.fr\/index.php?rest_route=\/wp\/v2\/types\/page"}],"author":[{"embeddable":true,"href":"https:\/\/www.cemma-asso.fr\/index.php?rest_route=\/wp\/v2\/users\/1"}],"replies":[{"embeddable":true,"href":"https:\/\/www.cemma-asso.fr\/index.php?rest_route=%2Fwp%2Fv2%2Fcomments&post=16"}],"version-history":[{"count":11,"href":"https:\/\/www.cemma-asso.fr\/index.php?rest_route=\/wp\/v2\/pages\/16\/revisions"}],"predecessor-version":[{"id":390,"href":"https:\/\/www.cemma-asso.fr\/index.php?rest_route=\/wp\/v2\/pages\/16\/revisions\/390"}],"wp:attachment":[{"href":"https:\/\/www.cemma-asso.fr\/index.php?rest_route=%2Fwp%2Fv2%2Fmedia&parent=16"}],"curies":[{"name":"wp","href":"https:\/\/api.w.org\/{rel}","templated":true}]}}